mainder when 61 is divided by (-7)/((-210)/780) + (1 - 6).
19
Let a = 30 + 7. Let m be 11 - 14 - 14/(-2). Suppose 0 = -2*c - 5*u + 188, m*c - 2*u + 200 = 6*c. Calculate the remainder when c is divided by a.
30
Let m = -2 + 4. Let d be -34 + 1 + 1 + (-6)/m. Calculate the remainder when 100 is divided by (14/d)/(2/(-260)).
48
What is the remainder when 110 is divided by (5 + (-10)/20)/(((-15)/200)/(-1))?
50
Suppose -428*c + 430*c - 114 = 0. What is the remainder when 228 is divided by c?
0
Let a = 66 + -62. Suppose 5*g = 4*b - 170, 0 = 2*b - g - a*g - 80. Let s = 305 + -174. What is the remainder when s is divided by b?
41
Suppose 12230*k = 12238*k - 416. Calculate the remainder when k is divided by 40.
12
Suppose -4 = -219*j + 221*j, -3*j - 438 = -u. What is the remainder when u is divided by 32?
16
Let y = -17795 - -18686. Calculate the remainder when 892 is divided by y.
1
Let f = -64 - -58. Let k(a) = a**3 + 7*a**2 + 3*a + 3. Suppose -3*y + 3*t = -0*t - 117, -y + 36 = -4*t. Calculate the remainder when y is divided by k(f).
19
Let s(h) = h**2 + 8*h - 4. Let j(q) = -q**3 + 7*q**2 + 8*q + 7. Let f be j(8). Let p be s(f). Let c = -38 + p. What is the remainder when c is divided by 16?
15
Let k = 53 - 54. Calculate the remainder when 70 is divided by (-2)/k - 5/(-5)*18.
10
Suppose -3*j - 4*b + 213 = b, 0 = -2*j - 2*b + 146. Calculate the remainder when j is divided by (-29)/2*(1 + -7 + 4).
18
Suppose -8*t + 104 = -4*t. Suppose 0 = t*l - 6*l - 240. Calculate the remainder when 14 is divided by l.
2
Let h(c) = 2*c**2 - 4*c + 22. What is the remainder when 470 is divided by h(6)?
50
Let a = -135 + 216. Let w = 725 + -700. Calculate the remainder when a is divided by w.
6
Suppose 3*d + 73 = 2*h + 6*d, d = 5*h - 191. Let f(j) = 2*j**2 + 2*j - 10. Let p be f(6). Let g = -61 + p. What is the remainder when h is divided by g?
12
Let o(g) = -2*g**2 + 5*g - 3. Let j be o(-4). Calculate the remainder when (-5555)/j - (1 + 1) is divided by 35.
29
Calculate the remainder when 6671 is divided by 70/14 - (9/(-3) - 81).
85
Let a = 896 + -301. What is the remainder when a is divided by 162?
109
Suppose -390*c - 19750 = -415*c. Calculate the remainder when c is divided by 22.
20
What is the remainder when 414 is divided by ((130/(-15))/2)/((-2)/12)?
24
Let u = 188 + 108. What is the remainder when 142 is divided by u/4*13/26?
31
Suppose 0 = 4*r + 3*a - 3, -2*r + 6*r + 4*a = 0. Calculate the remainder when 174/r*(-9)/(-3) is divided by 45.
39
Let p = 9969 - 9874. What is the remainder when 473 is divided by p?
93
Let p(y) = y**2 - 52*y - 1411. What is the remainder when 255 is divided by p(72)?
23
Suppose -78*d - 91*d - 43*d = -679460. Calculate the remainder when 9627 is divided by d.
12
Calculate the remainder when 18033 is divided by (3 - -64) + -11 + 15.
70
Suppose -20 = -6*j + 2*j. What is the remainder when (-7)/14 + -1 + 100/8 is divided by (6/j - 2)*-5?
3
Let r be (-15)/(-10) + 9/(-6). Suppose -4*b + 4*t - 64 = r, -2*t = -0*b + b + 22. What is the remainder when (b/4)/(69/(-368)) is divided by 13?
11
What is the remainder when 25 is divided by (11 - 5)/3 - 0?
1
Let h = -10 - -15. Let m = -40 + 88. Suppose m = 3*t + h*a, -t - a - 48 = -4*t. What is the remainder when t is divided by 3?
1
Let d = -3434 + 3442. Calculate the remainder when 111 is divided by d.
7
What is the remainder when 819 is divided by 7241/273*6 - (-1)/(-7)?
24
Suppose 2*j = -z + 4*z - 38, 3*z - 5*j - 23 = 0. Calculate the remainder when (132/88)/(1/((-376)/(-6))) is divided by z.
14
Let m(b) be the second derivative of 3*b**4/4 - 7*b**3/3 - b**2/2 - 86*b. Calculate the remainder when 171 is divided by m(-1).
17
Calculate the remainder when (33 - 27)*(-677)/(-6) is divided by 21.
5
Suppose -f - 54 = 31. Let w = 90 + f. Suppose -w + 107 = 6*l. What is the remainder when 32 is divided by l?
15
Let q(u) = -4*u**2 + 63*u + 10. Let y = -87 - -196. Calculate the remainder when y is divided by q(15).
54
Let g = -4081 - -4780. What is the remainder when g is divided by 12?
3
Let q = 4207 + -4065. Calculate the remainder when q is divided by 13.
12
What is the remainder when ((-105868)/18)/(-7) - ((-32)/18 + 2) is divided by 68?
24
Let m be (-1)/(-4) + (-11)/(-88)*-2. Let r be 0/((-2 - -2) + -1). Suppose -3*o + m*o + 63 = r. What is the remainder when 34 is divided by o?
13
Suppose -2*o + 55 = -41. Let s = -178 + 172. Calculate the remainder when o is divided by s/(-45) - 1012/(-60).
14
Suppose 406 = -3*q - 5*v, 356 = -9*q + 6*q + 5*v. Calculate the remainder when 125 is divided by 3/(q/26 + 5) - -2.
13
Let t(o) = 5 + 1 - 2*o + 2*o - o. Let q be t(13). Let d = q - -38. Calculate the remainder when 122 is divided by d.
29
Let k be 3/(9 + 0) + 352/(-48). What is the remainder when 28 is divided by (-123)/k + (-13)/637*-21?
10
Suppose -3*v - 72 = -7*v. Let f = v - 15. Suppose -4*n + 5*c + 145 = 0, f*c + 151 = n + 3*n. What is the remainder when n is divided by 22?
18
Suppose -1 = -q - 4*k + 6, -5*q + 5*k + 10 = 0. Let o be (24/(-20))/(-7 - ((-522)/60 + 2)). What is the remainder when (q/o)/((-4)/(-224)) is divided by 23?
19
Let k be 438/(-54)*-75 + (-2)/6. Suppose 9*w + k = 13*w. Suppose -2*t = 3*j + 2*j - w, -5*t + 407 = -j. What is the remainder when t is divided by 41?
40
Let t(k) = -8*k**2 + 367*k + 458. What is the remainder when 923 is divided by t(47)?
13
Suppose 4*z + 45 - 35 = 2*s, 0 = -4*s + 4*z + 12. Calculate the remainder when 2/(-2)*-1*17 is divided by s/12 - 658/(-168).
1
Let w = -26 + 47. Let b(z) = -z**2 + 13*z - 29. Suppose 9*t = 29*t - 120. What is the remainder when w is divided by b(t)?
8
Suppose -5*b = -10, -36 = -2*x + 9*b - 7*b. Suppose -6*g - u = -5*g - 32, -3*u - x = -g. Calculate the remainder when 113 is divided by g.
26
Suppose -8*p + 9325 = 10*p + 7*p. Calculate the remainder when p is divided by 49.
30
Suppose 36*f - 1384 = 32*f. Let l = f - 296. Calculate the remainder when l is divided by 12.
2
Calculate the remainder when (7/5*(24 - 23))/(2/170) is divided by 23.
4
Let u be 95/(-38)*16/8. Suppose 2*b - 5*y = 25, 3*y - 30 = -5*b + 17. What is the remainder when 78 is divided by 5 + u/b*-44?
24
Let o(i) = -i**3 - 18*i**2 - 23*i - 5. Let l be o(-17). Let j = l + -125. Let s = j + 45. What is the remainder when 39 is divided by s?
5
Suppose -206 = -14*q + 88. Suppose w = -4*d + 67, -4*w - q = -3*d + 15. What is the remainder when 28 is divided by d?
12
Let u = -32078 + 32228. Calculate the remainder when 37048 is divided by u.
148
Let h(x) = -129*x - 5668. Calculate the remainder when h(-67) is divided by 124.
123
Let w(t) = 3*t**3 + 53*t**2 + 17*t - 265. What is the remainder when 507 is divided by w(-17)?
3
Suppose -3*v + 13 = 5*c, -v - 4*c + 0 = -2. Let u(i) = 463*i + i**2 - 6 - 456*i - v. Calculate the remainder when u(8) is divided by 11.
9
Let t(x) = x**2 - 48*x - 1116. What is the remainder when 467 is divided by t(-19)?
153
What is the remainder when 1207 is divided by (29 - (-84)/12) + -5?
29
Let m = 331 + -482. Let d = -114 - m. What is the remainder when 219 is divided by d?
34
Let k(t) = 4*t**3 + 8*t**2 + 28*t + 120. Let p be k(-6). Let v = -611 - p. Calculate the remainder when 166 is divided by v.
10
Let n = -4 - -5. Suppose 0 = l + 10*b - 8*b - 12, 3*l + 9 = 3*b. Suppose l*t = -2*r + 7 + n, -2*r = 3*t - 10. What is the remainder when 8 is divided by t?
0
What is the remainder when (-56)/196 + 60822/168 + (-1)/(-4) is divided by 136?
90
Let n(w) = -w**2 + 32*w + 63. Let b be n(32). Suppose 3*h + y + 0*y - b = 0, y = h - 25. Calculate the remainder when 42 is divided by h.
20
Let b(r) = 26*r. Suppose 19*q = 961 - 277. Calculate the remainder when b(4) is divided by q.
32
Let s(j) = -186*j - 7841. Calculate the remainder when s(-57) is divided by 308.
297
Suppose -5*q = -3*q - 20. Calculate the remainder when -1 - (-87*2 + 4 - (-6 - -5)) is divided by q.
8
Suppose 3*j = 5*k - 649, 9*j = 4*j + 10. Calculate the remainder when k is divided by 19.
17
Suppose 0 = -5*j + 15, j + 1122 = -9*d + 14*d. Suppose l + 2*l = d. What is the remainder when l is divided by 29?
17
Let q = -135 + 198. What is the remainder when 83 is divided by (-8)/(-12)*q/(6 - 3)?
13
Let b(z) = -2*z**2 - 386*z - 7766. What is the remainder when 144 is divided by b(-23)?
36
Suppose 20*g 